{"id":9,"date":"2014-12-11T15:24:10","date_gmt":"2014-12-11T13:24:10","guid":{"rendered":"http:\/\/dev.idealmainos.fi\/merjamakisalo\/wordpress\/?page_id=9"},"modified":"2026-03-04T19:42:17","modified_gmt":"2026-03-04T17:42:17","slug":"valittavaa-vaikuttamista-merja-makisalo-ropponen","status":"publish","type":"page","link":"https:\/\/www.merjamakisalo.fi\/?page_id=9","title":{"rendered":"Merja M\u00e4kisalo-Ropponen"},"content":{"rendered":"<p><a href=\"https:\/\/www.merjamakisalo.fi\/wp-content\/uploads\/2023\/03\/Merja-1.png\"><img loading=\"lazy\" decoding=\"async\" class=\"alignnone wp-image-3316\" src=\"https:\/\/www.merjamakisalo.fi\/wp-content\/uploads\/2023\/03\/Merja-1-1024x576.png\" alt=\"\" width=\"884\" height=\"497\" srcset=\"https:\/\/www.merjamakisalo.fi\/wp-content\/uploads\/2023\/03\/Merja-1-1024x576.png 1024w, https:\/\/www.merjamakisalo.fi\/wp-content\/uploads\/2023\/03\/Merja-1-300x169.png 300w, https:\/\/www.merjamakisalo.fi\/wp-content\/uploads\/2023\/03\/Merja-1-768x432.png 768w, https:\/\/www.merjamakisalo.fi\/wp-content\/uploads\/2023\/03\/Merja-1-1536x864.png 1536w, https:\/\/www.merjamakisalo.fi\/wp-content\/uploads\/2023\/03\/Merja-1-1075x605.png 1075w, https:\/\/www.merjamakisalo.fi\/wp-content\/uploads\/2023\/03\/Merja-1-1600x900.png 1600w, https:\/\/www.merjamakisalo.fi\/wp-content\/uploads\/2023\/03\/Merja-1-800x450.png 800w, https:\/\/www.merjamakisalo.fi\/wp-content\/uploads\/2023\/03\/Merja-1-600x338.png 600w, https:\/\/www.merjamakisalo.fi\/wp-content\/uploads\/2023\/03\/Merja-1-355x200.png 355w, https:\/\/www.merjamakisalo.fi\/wp-content\/uploads\/2023\/03\/Merja-1-150x84.png 150w, https:\/\/www.merjamakisalo.fi\/wp-content\/uploads\/2023\/03\/Merja-1-400x225.png 400w, https:\/\/www.merjamakisalo.fi\/wp-content\/uploads\/2023\/03\/Merja-1.png 1920w\" sizes=\"auto, (max-width: 884px) 100vw, 884px\" \/><\/a><\/p>\n<h3>Lyhyesti minusta<\/h3>\n<p>Olen kotoisin Tohmaj\u00e4rvelt\u00e4 ja 18-vuotiaana muuttanut Joensuuhun. Koulutukseltani olen sairaanhoitaja, terveydenhuollon opettaja sek\u00e4 terveystieteiden tohtori. Viimeiset\u00a010 vuotta ennen eduskuntaan p\u00e4\u00e4semist\u00e4, ty\u00f6skentelin ty\u00f6yhteis\u00f6kouluttajana ja -valmentajana. Huhtikuussa 2011 minut valittiin ensimm\u00e4isen kerran eduskuntaan sosiaalidemokraattien listalta. Kolmas ja viimeinen kauteni kansanedustajana p\u00e4\u00e4ttyi kev\u00e4\u00e4ll\u00e4 2023, kun en en\u00e4\u00e4 asettunut eduskuntavaaleissa ehdolle.<\/p>\n<p>Eduskunta-aikanani toimin muun muassa sosiaali- ja terveysvaliokunnan j\u00e4senen\u00e4, tarkastusvaliokunnan varapuheenjohtajana, tulevaisuusvaliokunnan varapuheenjohtajana ja j\u00e4senen\u00e4 sek\u00e4 sivistysvaliokunnan ja perustuslakivaliokunnan varaj\u00e4senen\u00e4. Vuosina 2015 &#8211; 2023 olin eduskunnan ty\u00f6suojelutoimikunnan puheenjohtaja. Toimin my\u00f6s eduskunnan tilintarkastajana viel\u00e4 vuoden 2023. Toimin eduskunta-aikanani my\u00f6s muun muassa eduskunnan vammaisasiain yhteisty\u00f6ryhm\u00e4n, terveyden- ja hyvinvoinnin edist\u00e4misen ty\u00f6ryhm\u00e4n ja muistikerhon puheenjohtajana.<\/p>\n<p>Olen aina ollut aktiivinen j\u00e4rjest\u00f6toimija. J\u00e4senyyksi\u00e4 minulla on lukuisissa j\u00e4rjest\u00f6iss\u00e4 ja yhdistyksiss\u00e4. Puheenjohtajana olen toiminut muun muassa Pohjois-Karjalan Sairaanhoitajissa, Pohjois-Karjalan Muisti ry:ss\u00e4, Muistiliitossa, Miina Sillanp\u00e4\u00e4n s\u00e4\u00e4ti\u00f6ss\u00e4 ja Joensuun Ty\u00f6v\u00e4enyhdistyksess\u00e4.<\/p>\n<p>T\u00e4ll\u00e4 hetkell\u00e4 toimin Pohjois-Karjalan hyvinvointialueen valtuuston puheenjohtajana ja Joensuun kaupungin hyvinvoinnin ja osallisuuden edist\u00e4misen lautakunnan puheenjohtajana. Lis\u00e4ksi olen El\u00e4kkeensaajien Keskusliiton Pohjois-Karjalan piirin hallituksen varapuheenjohtaja.<\/p>\n<span class=\"separator separator--medium\" style=\"\"><\/span>\n<div class=\"row \" style=\"\"><div class=\"row__inwrap\"><div class=\"column-wrap\"> <div class=\"column--1-2\">\n<h3>Perhe<\/h3>\n<p><a href=\"https:\/\/www.merjamakisalo.fi\/wp-content\/uploads\/2023\/08\/IMG-20230722-WA0077.jpg\"><img loading=\"lazy\" decoding=\"async\" class=\"alignnone wp-image-3446 size-full\" src=\"https:\/\/www.merjamakisalo.fi\/wp-content\/uploads\/2023\/08\/IMG-20230722-WA0077.jpg\" alt=\"\" width=\"1024\" height=\"768\" srcset=\"https:\/\/www.merjamakisalo.fi\/wp-content\/uploads\/2023\/08\/IMG-20230722-WA0077.jpg 1024w, https:\/\/www.merjamakisalo.fi\/wp-content\/uploads\/2023\/08\/IMG-20230722-WA0077-300x225.jpg 300w, https:\/\/www.merjamakisalo.fi\/wp-content\/uploads\/2023\/08\/IMG-20230722-WA0077-768x576.jpg 768w, https:\/\/www.merjamakisalo.fi\/wp-content\/uploads\/2023\/08\/IMG-20230722-WA0077-800x600.jpg 800w, https:\/\/www.merjamakisalo.fi\/wp-content\/uploads\/2023\/08\/IMG-20230722-WA0077-400x300.jpg 400w, https:\/\/www.merjamakisalo.fi\/wp-content\/uploads\/2023\/08\/IMG-20230722-WA0077-600x450.jpg 600w\" sizes=\"auto, (max-width: 1024px) 100vw, 1024px\" \/><\/a><\/p>\n<ul>\n<li><strong>Aviomies:<\/strong> Jukka Ropponen<\/li>\n<li><strong>Lapset:<\/strong> Kati, Heli ja Mari. Lis\u00e4ksi perheeseen kuuluvat Jukan lapset: Sampo ja Aino<\/li>\n<li><strong><strong>Lapsenlapset:\u00a0<\/strong><\/strong>Iida, Erika, Lucas, Emilia, Miro, Erin, Eetu, Jusa, Elsa, Lydia, Sakari, Julius, Enni ja Jiro<\/li>\n<li><strong>Lapsenlapsenlapsi:<\/strong> Liam<\/li>\n<\/ul>\n<blockquote><p>&#8221;V\u00e4litt\u00e4minen alkaa perheest\u00e4&#8221;<\/p><\/blockquote>\n<h3>Koulutus<\/h3>\n<ul>\n<li>Farmanomi 1976<\/li>\n<li>Vastaanotto \u2013 osastoavustaja 1978<\/li>\n<li>Sairaanhoitaja 1981<\/li>\n<li>Erikoissairaanhoitaja 1983<\/li>\n<li>Terveydenhuollonopettaja (terveystieteiden maisteri) 1991<\/li>\n<li>Terveydenhuollon hallinnon tutkinto (terveystieteiden maisteri) 1993<\/li>\n<li>Terveydenhuollon lisensiaatti 1995<\/li>\n<li>Terveystieteiden tohtori 1998<\/li>\n<li>Draamakouluttaja 2003<\/li>\n<\/ul>\n<\/div>\n<div class=\"column--1-2\">\n<h3>Ty\u00f6ura<\/h3>\n<ul>\n<li>Elinik\u00e4inen oppiminen on itseens\u00e4 tutustumista koko el\u00e4m\u00e4ns\u00e4 ajan. T\u00e4ss\u00e4 asiassa ei koskaan tule t\u00e4ysin oppineeksi. Elier Wieselin sanoin: &#8221;Maailma on niin suunnaton, aloitan parhaiten tuntemastani maasta, omastani. Mutta maani on niin kovin suuri, parempi aloittaa omasta kaupungistani. Mutta kaupunkini on suuri. Parasta aloittaa kodistani ja perheest\u00e4ni. Olkoon, aloitan itsest\u00e4ni.&#8221;<\/li>\n<li>Farmanomi Tohmaj\u00e4rven apteekki<\/li>\n<li>Vastaanottoavustaja Joensuun terveyskeskus<\/li>\n<li>Sairaanhoitaja Joensuun kotisairaanhoito<\/li>\n<li>Erikoissairaanhoitaja Pohjois-Karjalan keskussairaala<\/li>\n<li>Osastonhoitaja Pohjois-Karjalan keskussairaala<\/li>\n<li>Terveydenhuollon opettaja Pohjois-Karjalan terveydenhuolto-oppilaitos<\/li>\n<li>Aikuiskoulutusjohtaja Pohjois-Karjalan terveydenhuolto-oppilaitos<\/li>\n<li>Yliopettaja Pohjois-Karjalan ammattikorkeakoulu<\/li>\n<li>Vuodesta 2001 alkaen Freelancer -kouluttaja<\/li>\n<li>Kansanedustaja 2011-2023<\/li>\n<\/ul>\n<blockquote><p>&#8221;Rakkaus ty\u00f6h\u00f6n on rakkautta el\u00e4m\u00e4\u00e4n, sen juhlaan ja arkeen&#8221; (Sylvi Kekkonen)<\/p><\/blockquote>\n<p><\/div> <\/div><\/div><\/div>\n<blockquote><p>&#8221;Tie haarautui mets\u00e4ss\u00e4 ja min\u00e4 valitsin sen v\u00e4hemm\u00e4n kuljetun ja siksi kaikki on toisin. &#8221;\u00a0 (Robert Frost)<\/p>\n<p>&nbsp;<\/p>\n<p>&#8221;Se sit\u00e4 akrobatiaa vaatii,<br \/>\nett\u00e4 hauras lujittuu<br \/>\nvaan ei kovetu,<br \/>\nett\u00e4 herkkyys k\u00e4\u00e4nnet\u00e4\u00e4n voimaksi.&#8221; (Helena Anhava)<\/p><\/blockquote>\n","protected":false},"excerpt":{"rendered":"<p>Lyhyesti minusta Olen kotoisin Tohmaj\u00e4rvelt\u00e4 ja 18-vuotiaana muuttanut Joensuuhun. Koulutukseltani olen sairaanhoitaja, terveydenhuollon opettaja sek\u00e4 terveystieteiden tohtori. Viimeiset\u00a010 vuotta ennen eduskuntaan p\u00e4\u00e4semist\u00e4, ty\u00f6skentelin ty\u00f6yhteis\u00f6kouluttajana ja -valmentajana. Huhtikuussa 2011 minut valittiin ensimm\u00e4isen kerran eduskuntaan sosiaalidemokraattien listalta. Kolmas ja viimeinen kauteni kansanedustajana p\u00e4\u00e4ttyi kev\u00e4\u00e4ll\u00e4 2023, kun en en\u00e4\u00e4 asettunut eduskuntavaaleissa ehdolle. Eduskunta-aikanani toimin muun muassa sosiaali- ja<\/p>\n","protected":false},"author":1,"featured_media":0,"parent":0,"menu_order":0,"comment_status":"closed","ping_status":"closed","template":"","meta":{"_acf_changed":false,"footnotes":""},"class_list":["post-9","page","type-page","status-publish","hentry"],"acf":[],"_links":{"self":[{"href":"https:\/\/www.merjamakisalo.fi\/index.php?rest_route=\/wp\/v2\/pages\/9","targetHints":{"allow":["GET"]}}],"collection":[{"href":"https:\/\/www.merjamakisalo.fi\/index.php?rest_route=\/wp\/v2\/pages"}],"about":[{"href":"https:\/\/www.merjamakisalo.fi\/index.php?rest_route=\/wp\/v2\/types\/page"}],"author":[{"embeddable":true,"href":"https:\/\/www.merjamakisalo.fi\/index.php?rest_route=\/wp\/v2\/users\/1"}],"replies":[{"embeddable":true,"href":"https:\/\/www.merjamakisalo.fi\/index.php?rest_route=%2Fwp%2Fv2%2Fcomments&post=9"}],"version-history":[{"count":22,"href":"https:\/\/www.merjamakisalo.fi\/index.php?rest_route=\/wp\/v2\/pages\/9\/revisions"}],"predecessor-version":[{"id":3886,"href":"https:\/\/www.merjamakisalo.fi\/index.php?rest_route=\/wp\/v2\/pages\/9\/revisions\/3886"}],"wp:attachment":[{"href":"https:\/\/www.merjamakisalo.fi\/index.php?rest_route=%2Fwp%2Fv2%2Fmedia&parent=9"}],"curies":[{"name":"wp","href":"https:\/\/api.w.org\/{rel}","templated":true}]}}

Merja Mäkisalo-Ropponen

<p><a href="https://www.merjamakisalo.fi/wp-content/uploads/2023/03/Merja-1.png"><img loading="lazy" decoding="async" class="alignnone wp-image-3316" src="https://www.merjamakisalo.fi/wp-content/uploads/2023/03/Merja-1-1024x576.png" alt="" width="884" height="497" srcset="https://www.merjamakisalo.fi/wp-content/uploads/2023/03/Merja-1-1024x576.png 1024w, https://www.merjamakisalo.fi/wp-content/uploads/2023/03/Merja-1-300x169.png 300w, https://www.merjamakisalo.fi/wp-content/uploads/2023/03/Merja-1-768x432.png 768w, https://www.merjamakisalo.fi/wp-content/uploads/2023/03/Merja-1-1536x864.png 1536w, https://www.merjamakisalo.fi/wp-content/uploads/2023/03/Merja-1-1075x605.png 1075w, https://www.merjamakisalo.fi/wp-content/uploads/2023/03/Merja-1-1600x900.png 1600w, https://www.merjamakisalo.fi/wp-content/uploads/2023/03/Merja-1-800x450.png 800w, https://www.merjamakisalo.fi/wp-content/uploads/2023/03/Merja-1-600x338.png 600w, https://www.merjamakisalo.fi/wp-content/uploads/2023/03/Merja-1-355x200.png 355w, https://www.merjamakisalo.fi/wp-content/uploads/2023/03/Merja-1-150x84.png 150w, https://www.merjamakisalo.fi/wp-content/uploads/2023/03/Merja-1-400x225.png 400w, https://www.merjamakisalo.fi/wp-content/uploads/2023/03/Merja-1.png 1920w" sizes="auto, (max-width: 884px) 100vw, 884px" /></a></p>
<h3>Lyhyesti minusta</h3>
<p>Olen kotoisin Tohmajärveltä ja 18-vuotiaana muuttanut Joensuuhun. Koulutukseltani olen sairaanhoitaja, terveydenhuollon opettaja sekä terveystieteiden tohtori. Viimeiset 10 vuotta ennen eduskuntaan pääsemistä, työskentelin työyhteisökouluttajana ja -valmentajana. Huhtikuussa 2011 minut valittiin ensimmäisen kerran eduskuntaan sosiaalidemokraattien listalta. Kolmas ja viimeinen kauteni kansanedustajana päättyi keväällä 2023, kun en enää asettunut eduskuntavaaleissa ehdolle.</p>
<p>Eduskunta-aikanani toimin muun muassa sosiaali- ja terveysvaliokunnan jäsenenä, tarkastusvaliokunnan varapuheenjohtajana, tulevaisuusvaliokunnan varapuheenjohtajana ja jäsenenä sekä sivistysvaliokunnan ja perustuslakivaliokunnan varajäsenenä. Vuosina 2015 &#8211; 2023 olin eduskunnan työsuojelutoimikunnan puheenjohtaja. Toimin myös eduskunnan tilintarkastajana vielä vuoden 2023. Toimin eduskunta-aikanani myös muun muassa eduskunnan vammaisasiain yhteistyöryhmän, terveyden- ja hyvinvoinnin edistämisen työryhmän ja muistikerhon puheenjohtajana.</p>
<p>Olen aina ollut aktiivinen järjestötoimija. Jäsenyyksiä minulla on lukuisissa järjestöissä ja yhdistyksissä. Puheenjohtajana olen toiminut muun muassa Pohjois-Karjalan Sairaanhoitajissa, Pohjois-Karjalan Muisti ry:ssä, Muistiliitossa, Miina Sillanpään säätiössä ja Joensuun Työväenyhdistyksessä.</p>
<p>Tällä hetkellä toimin Pohjois-Karjalan hyvinvointialueen valtuuston puheenjohtajana ja Joensuun kaupungin hyvinvoinnin ja osallisuuden edistämisen lautakunnan puheenjohtajana. Lisäksi olen Eläkkeensaajien Keskusliiton Pohjois-Karjalan piirin hallituksen varapuheenjohtaja.</p>
<span class="separator separator--medium" style=""></span>
<div class="row " style=""><div class="row__inwrap"><div class="column-wrap"> <div class="column--1-2">
<h3>Perhe</h3>
<p><a href="https://www.merjamakisalo.fi/wp-content/uploads/2023/08/IMG-20230722-WA0077.jpg"><img loading="lazy" decoding="async" class="alignnone wp-image-3446 size-full" src="https://www.merjamakisalo.fi/wp-content/uploads/2023/08/IMG-20230722-WA0077.jpg" alt="" width="1024" height="768" srcset="https://www.merjamakisalo.fi/wp-content/uploads/2023/08/IMG-20230722-WA0077.jpg 1024w, https://www.merjamakisalo.fi/wp-content/uploads/2023/08/IMG-20230722-WA0077-300x225.jpg 300w, https://www.merjamakisalo.fi/wp-content/uploads/2023/08/IMG-20230722-WA0077-768x576.jpg 768w, https://www.merjamakisalo.fi/wp-content/uploads/2023/08/IMG-20230722-WA0077-800x600.jpg 800w, https://www.merjamakisalo.fi/wp-content/uploads/2023/08/IMG-20230722-WA0077-400x300.jpg 400w, https://www.merjamakisalo.fi/wp-content/uploads/2023/08/IMG-20230722-WA0077-600x450.jpg 600w" sizes="auto, (max-width: 1024px) 100vw, 1024px" /></a></p>
<ul>
<li><strong>Aviomies:</strong> Jukka Ropponen</li>
<li><strong>Lapset:</strong> Kati, Heli ja Mari. Lisäksi perheeseen kuuluvat Jukan lapset: Sampo ja Aino</li>
<li><strong><strong>Lapsenlapset: </strong></strong>Iida, Erika, Lucas, Emilia, Miro, Erin, Eetu, Jusa, Elsa, Lydia, Sakari, Julius, Enni ja Jiro</li>
<li><strong>Lapsenlapsenlapsi:</strong> Liam</li>
</ul>
<blockquote><p>&#8221;Välittäminen alkaa perheestä&#8221;</p></blockquote>
<h3>Koulutus</h3>
<ul>
<li>Farmanomi 1976</li>
<li>Vastaanotto – osastoavustaja 1978</li>
<li>Sairaanhoitaja 1981</li>
<li>Erikoissairaanhoitaja 1983</li>
<li>Terveydenhuollonopettaja (terveystieteiden maisteri) 1991</li>
<li>Terveydenhuollon hallinnon tutkinto (terveystieteiden maisteri) 1993</li>
<li>Terveydenhuollon lisensiaatti 1995</li>
<li>Terveystieteiden tohtori 1998</li>
<li>Draamakouluttaja 2003</li>
</ul>
</div>
<div class="column--1-2">
<h3>Työura</h3>
<ul>
<li>Elinikäinen oppiminen on itseensä tutustumista koko elämänsä ajan. Tässä asiassa ei koskaan tule täysin oppineeksi. Elier Wieselin sanoin: &#8221;Maailma on niin suunnaton, aloitan parhaiten tuntemastani maasta, omastani. Mutta maani on niin kovin suuri, parempi aloittaa omasta kaupungistani. Mutta kaupunkini on suuri. Parasta aloittaa kodistani ja perheestäni. Olkoon, aloitan itsestäni.&#8221;</li>
<li>Farmanomi Tohmajärven apteekki</li>
<li>Vastaanottoavustaja Joensuun terveyskeskus</li>
<li>Sairaanhoitaja Joensuun kotisairaanhoito</li>
<li>Erikoissairaanhoitaja Pohjois-Karjalan keskussairaala</li>
<li>Osastonhoitaja Pohjois-Karjalan keskussairaala</li>
<li>Terveydenhuollon opettaja Pohjois-Karjalan terveydenhuolto-oppilaitos</li>
<li>Aikuiskoulutusjohtaja Pohjois-Karjalan terveydenhuolto-oppilaitos</li>
<li>Yliopettaja Pohjois-Karjalan ammattikorkeakoulu</li>
<li>Vuodesta 2001 alkaen Freelancer -kouluttaja</li>
<li>Kansanedustaja 2011-2023</li>
</ul>
<blockquote><p>&#8221;Rakkaus työhön on rakkautta elämään, sen juhlaan ja arkeen&#8221; (Sylvi Kekkonen)</p></blockquote>
<p></div> </div></div></div>
<blockquote><p>&#8221;Tie haarautui metsässä ja minä valitsin sen vähemmän kuljetun ja siksi kaikki on toisin. &#8221;  (Robert Frost)</p>
<p>&nbsp;</p>
<p>&#8221;Se sitä akrobatiaa vaatii,<br />
että hauras lujittuu<br />
vaan ei kovetu,<br />
että herkkyys käännetään voimaksi.&#8221; (Helena Anhava)</p></blockquote>

<p>Lyhyesti minusta Olen kotoisin Tohmajärveltä ja 18-vuotiaana muuttanut Joensuuhun. Koulutukseltani olen sairaanhoitaja, terveydenhuollon opettaja sekä terveystieteiden tohtori. Viimeiset 10 vuotta ennen eduskuntaan pääsemistä, työskentelin työyhteisökouluttajana ja -valmentajana. Huhtikuussa 2011 minut valittiin ensimmäisen kerran eduskuntaan sosiaalidemokraattien listalta. Kolmas ja viimeinen kauteni kansanedustajana päättyi keväällä 2023, kun en enää asettunut eduskuntavaaleissa ehdolle. Eduskunta-aikanani toimin muun muassa sosiaali- ja</p>
