{"id":298,"date":"2015-01-21T12:14:46","date_gmt":"2015-01-21T10:14:46","guid":{"rendered":"https:\/\/www.merjamakisalo.fi\/?page_id=298"},"modified":"2025-11-07T09:24:52","modified_gmt":"2025-11-07T07:24:52","slug":"saadut-tunnustuspalkinnot","status":"publish","type":"page","link":"https:\/\/www.merjamakisalo.fi\/?page_id=298","title":{"rendered":"Saadut tunnustuspalkinnot"},"content":{"rendered":"<ul>\n<li>\n<div dir=\"auto\">Rafal Paasion mitalli marrakuussa 2025 tunnustuksena pitk\u00e4st\u00e4 ja ansiokkaasta sosialidemokratian arvojen mukaisesta ty\u00f6st\u00e4<\/div>\n<\/li>\n<li><a href=\"https:\/\/nuorisoala.fi\/nuorten-hyvinvointia-vahvimmin-edistaneet-kansanedustajat-palkittiin-euroopan-nuorten-teemavuoden-valokuvateoksilla\/\">Allianssin<\/a> palkinto Nuorten hyvinvointia vahvimmin edist\u00e4neille kansanedustajille kaudella 2019-2023<\/li>\n<li>Sairaanhoitajaliiton kunniaj\u00e4senyys. Sairaanhoitajaliitto. 2021<\/li>\n<li>SOSTE-palkinto hyvinvointitalouden edist\u00e4misest\u00e4. SOSTE ry. 2021<\/li>\n<li>Toini Nousiainen -mitali. Tehy. 2016<\/li>\n<li>Vuoden raittiusteko 2014 -tunnustus. Raittiuden Yst\u00e4v\u00e4t ry. 2014<\/li>\n<li>Vuoden Venny, Venny Snellman -tunnustuspalkinto. Sairaanhoitajien koulutuss\u00e4\u00e4ti\u00f6. 2014<\/li>\n<li>Vanhusty\u00f6n kannustuspalkinto. Joensuun vanhusneuvosto. 2012<\/li>\n<li>Muistiliiton ansiomerkki. Muistiliitto ry. 2008<\/li>\n<li>Pohjois-Karjalan vuoden sairaanhoitaja. Pohjois-Karjalan Sairaanhoitajat ry. 1999<\/li>\n<\/ul>\n<p>&nbsp;<\/p>\n<p>\u201dMaine ja kunnia on katoavaista eik\u00e4 se ole el\u00e4m\u00e4mme mitta. T\u00e4rkeint\u00e4 on p\u00e4\u00e4tt\u00e4\u00e4 l\u00e4hte\u00e4 seuraamaan omaa el\u00e4m\u00e4ntiet\u00e4\u00e4n, uskoa omiin haavekuvitelmiinsa ja taistella unelmiensa puolesta.\u201d (Paulo Coelho)<\/p>\n","protected":false},"excerpt":{"rendered":"<p>Rafal Paasion mitalli marrakuussa 2025 tunnustuksena pitk\u00e4st\u00e4 ja ansiokkaasta sosialidemokratian arvojen mukaisesta ty\u00f6st\u00e4 Allianssin palkinto Nuorten hyvinvointia vahvimmin edist\u00e4neille kansanedustajille kaudella 2019-2023 Sairaanhoitajaliiton kunniaj\u00e4senyys. Sairaanhoitajaliitto. 2021 SOSTE-palkinto hyvinvointitalouden edist\u00e4misest\u00e4. SOSTE ry. 2021 Toini Nousiainen -mitali. Tehy. 2016 Vuoden raittiusteko 2014 -tunnustus. Raittiuden Yst\u00e4v\u00e4t ry. 2014 Vuoden Venny, Venny Snellman -tunnustuspalkinto. Sairaanhoitajien koulutuss\u00e4\u00e4ti\u00f6. 2014 Vanhusty\u00f6n kannustuspalkinto.<\/p>\n","protected":false},"author":2,"featured_media":0,"parent":0,"menu_order":0,"comment_status":"closed","ping_status":"closed","template":"","meta":{"_acf_changed":false,"footnotes":""},"class_list":["post-298","page","type-page","status-publish","hentry"],"acf":[],"_links":{"self":[{"href":"https:\/\/www.merjamakisalo.fi\/index.php?rest_route=\/wp\/v2\/pages\/298","targetHints":{"allow":["GET"]}}],"collection":[{"href":"https:\/\/www.merjamakisalo.fi\/index.php?rest_route=\/wp\/v2\/pages"}],"about":[{"href":"https:\/\/www.merjamakisalo.fi\/index.php?rest_route=\/wp\/v2\/types\/page"}],"author":[{"embeddable":true,"href":"https:\/\/www.merjamakisalo.fi\/index.php?rest_route=\/wp\/v2\/users\/2"}],"replies":[{"embeddable":true,"href":"https:\/\/www.merjamakisalo.fi\/index.php?rest_route=%2Fwp%2Fv2%2Fcomments&post=298"}],"version-history":[{"count":9,"href":"https:\/\/www.merjamakisalo.fi\/index.php?rest_route=\/wp\/v2\/pages\/298\/revisions"}],"predecessor-version":[{"id":3840,"href":"https:\/\/www.merjamakisalo.fi\/index.php?rest_route=\/wp\/v2\/pages\/298\/revisions\/3840"}],"wp:attachment":[{"href":"https:\/\/www.merjamakisalo.fi\/index.php?rest_route=%2Fwp%2Fv2%2Fmedia&parent=298"}],"curies":[{"name":"wp","href":"https:\/\/api.w.org\/{rel}","templated":true}]}}